(x) = 9*o(x) + 4*p(x). What is the tens digit of l(-2)?
9
What is the units digit of ((-4)/26 - 27489/(-7735))*2515?
1
What is the hundreds digit of 9163 + 35/(-28)*-4 - -2?
1
Let i(o) = -5*o + 28. Let u be i(6). Let k be (40/15)/(u/(-12)*2). Suppose 0*b - 136 = -k*b. What is the units digit of b?
7
Let k be (-42)/12*-2 + 44. Suppose k*m - 55*m = -240. What is the units digit of m?
0
Let p = 50148 + -4438. What is the tens digit of p?
1
Let n(j) = -54*j + 1. Let m(g) = -g**3 + 13*g**2 - 11*g - 4. Let r be m(12). Suppose 0 = -v - 3*b - r - 5, 0 = -5*v + 2*b + 3. What is the tens digit of n(v)?
5
Let o be ((-16)/10)/(-2*4/100). Let d = o - 17. Suppose -5*q = -2*v + 6*v - 221, -v - d*q + 64 = 0. What is the units digit of v?
9
Suppose 2*u + 27*u = 290. Suppose 2*s - 11*k - 43 = -u*k, 0 = 4*s + 5*k - 107. What is the units digit of s?
3
Let y(j) = 6*j**2 + 4*j + 85. Let c be y(-9). Let t = 1384 - c. What is the units digit of t?
9
Suppose 0 = 5*x, -x = a + 2*x + 5. Let c(w) be the first derivative of -w**4/4 - w**3 - 5*w**2/2 + 3*w - 20. What is the tens digit of c(a)?
7
Let w be 38/8 + 45/(-60). What is the tens digit of 2*(850/w - 3)?
1
Let n be 1230/21 - 16/28. Let t = 18 + n. Let o = t + 24. What is the tens digit of o?
0
Suppose 4*s - 26935 = -5*b + 120159, -b = 5*s - 29444. What is the tens digit of b?
1
Let b = 86 + 2. Suppose 0 = -11*x + 2*x. Suppose -11*o - b + 363 = x. What is the tens digit of o?
2
Suppose 69 = 10*z - 51. Let y be -6*(z/18 + 2/(-2)). Suppose -5*c - 211 = -2*l, -l - y*c = -c - 95. What is the units digit of l?
8
Suppose -f + 20 + 6 = 0. Let h = 30 - f. Suppose a - 54 = h*g, g = -2*g + 15. What is the units digit of a?
4
Suppose 3*s - 3*l = -126, -s = -2*l - 29 + 69. Let v = -56 - s. Let r(m) = 2*m**2 + 17*m + 3. What is the tens digit of r(v)?
8
Let v be (36/180)/(2/1130 - 0). Suppose -2*j - 3*t = -184 - 48, j - v = -3*t. What is the tens digit of j?
1
Let u(w) = -2*w**2 - 7*w - 747. Let a be u(0). Let f = -195 - a. What is the units digit of f?
2
What is the hundreds digit of 4106/6*(-11 - -17)?
1
Let i(z) = 919*z - 1127. What is the ten thousands digit of i(31)?
2
Let t be (-7)/2*(-18 - 8). Suppose 34*b - t = 21*b. What is the units digit of b?
7
Let d be (-161)/(42/12 + -4). Let k = 592 - d. What is the tens digit of k?
7
Suppose 4*u - 3380 = 5*h - h, -2*h = -2. Suppose 0 = 3*c - 5*d - 1544 + 274, -2*c = -3*d - u. What is the tens digit of c?
2
Let u(o) = -2*o**2 - 116*o + 2367. What is the thousands digit of u(0)?
2
Let m be 71910/81 + (-2)/(-9). Suppose 17*z = 2*t + 18*z - 1771, -t = 3*z - m. What is the hundreds digit of t?
8
Let j = -441 + 426. What is the hundreds digit of 11720/(-16)*18/j?
8
Let s be 6/4 - 93480/(-80). Let f = s + -301. What is the tens digit of f?
6
Suppose 29 = -x - 28. Let y = 452 - x. What is the hundreds digit of y?
5
Suppose -4*c = 5*v - 27305, 26*v = -c + 28*v + 6823. What is the thousands digit of c?
6
Suppose -24*u + 14*u = 6*u - 464672. What is the thousands digit of u?
9
Suppose 0 = -l - 4*l + 15. Suppose 2*b + 1564 = 2*k, 6*k = -l*b + k - 2322. What is the tens digit of b/(-6) - -1*(-5)/(-30)?
3
Let a be 1/(-5) + (372336/10)/3. Let o be a/77 - (2 + (-20)/11). Suppose -3*q = 2 - o. What is the tens digit of q?
5
Suppose 12 + 28 = 5*d. Suppose d*o = 4*o + 24. What is the units digit of (-2*(-279)/o)/((-3)/(-2))?
2
Let d be 3 + (-5 - -5) - -85. Let k = d + -80. Suppose -74 = -k*a + 110. What is the units digit of a?
3
Suppose -2*n = -5*w + 218, -30*n + 5 = -25*n. Let v be 85/15 + 4/(-6). What is the units digit of v/(20/w) - 1?
0
Suppose -4*g + 44 = -68. Suppose 2981 = -g*j + 39*j. What is the units digit of j?
1
Let p = -3232 + 5244. What is the thousands digit of p?
2
Let g = 146 - 105. Let k(a) = 4*a - 6. Let c be k(-6). Let o = c + g. What is the tens digit of o?
1
What is the thousands digit of ((-136)/102)/(6/(-18027))?
4
Let q = 339 + 149. Let z = q - 236. What is the units digit of z?
2
What is the tens digit of (0 - -7)*(360 - (-3)/(33/(-77)))?
7
Let n be 6/21 + (-208)/91. What is the hundreds digit of ((-68418)/135)/(n/5)?
2
Let m = 3 - -20. Suppose -r = -2*s + 2*r + m, 5*s + 5*r + 5 = 0. Suppose 0 = s*f + 4*x - 255 - 73, 4*f - 5*x = 292. What is the units digit of f?
8
Suppose -13 = -11*s + 10*s. What is the tens digit of (14/91 + 4873/s)/1?
7
Let c = 64882 - 24664. What is the thousands digit of c?
0
What is the units digit of (-2 - -3)*(4 + -2 + 1983)?
5
Suppose -13*z - 980 = z. What is the tens digit of (756/z)/((-1)/10)?
0
Let h be -2 + 14 + 6 + -15. Suppose -4*x - q = -177, -x - h*q - 28 = -2*x. What is the tens digit of x?
4
Suppose 5*r = -3*n - 998, -450 = n + 3*r - 112. Let g be 2/(n/(-108) - 3). Let y = g + -46. What is the units digit of y?
2
Suppose 1001 - 63 = -14*s. What is the hundreds digit of (-1 + s)/(2/(-10))?
3
Suppose -3*m = -38 - 34. What is the tens digit of (3476/36 - 0) + m/54?
9
Let i = -219 - -224. Suppose 5*n + i = 0, -5*z - n - 52 + 1116 = 0. What is the units digit of z?
3
Suppose -3918017 + 1030468 = -137*j. What is the thousands digit of j?
1
Let m = -124 - -263. Let g = -29 - m. Let z = 320 + g. What is the tens digit of z?
5
Let v(j) = -j**2 - 46*j - 14. Let t be v(-28). Suppose 27*x - t = 22*x. What is the tens digit of x?
9
Let z(y) = -300*y**3 - 7*y**2 + 32*y + 153. What is the tens digit of z(-4)?
1
Let n = -2768 + 3131. What is the tens digit of n?
6
Let b = 8 + 8. Suppose 12*j + 808 = b*j. Let s = j + -114. What is the units digit of s?
8
Suppose -7159 = -10*p + 12491. What is the hundreds digit of p?
9
What is the ten thousands digit of (-4864083)/(-60) - (-20)/(-400)?
8
Let a(t) be the first derivative of -t**4 - 4*t**3/3 - 9*t + 11. Suppose -6*n - 9 = -9*n, -n = -4*h - 19. What is the hundreds digit of a(h)?
1
Let p be (58 - 5)/((-2)/8). Let h = p - -535. What is the tens digit of h?
2
Let o = 198 + -183. Suppose 0 = 5*p - 5*g - 60, 3*p + 2 + 2 = -5*g. Let i = o + p. What is the tens digit of i?
2
Let h = -201 - -1355. Suppose -402 = -5*x - 2*w + 1045, -2*w - h = -4*x. What is the tens digit of x?
8
Let t be (-1)/(1/3) - (-83 + 76). Suppose -s = -3*f + t, s - 6*f = -4*f - 1. Suppose -s*u = 2*k - 393, -k + 2*u + 123 = -96. What is the hundreds digit of k?
2
Suppose 3*t + 2*p = -p, 3*p = 2*t - 5. What is the units digit of (t*8)/((-100)/(-4450))?
6
Suppose 13*r - 32*r = -11533. Suppose -r = -g + 4*y, g = -2*y - 3*y + 580. What is the units digit of g?
5
Let a(s) = -s**2 - 25*s - 46. Let j be a(-23). Suppose 32*g - 15*g - 2788 = j. What is the hundreds digit of g?
1
Let j be (-11)/(33/(-42)) + 4. Suppose j*r + 827 = 7469. What is the tens digit of r?
6
Let t(l) = l**2 - 256*l - 1. What is the units digit of t(-26)?
1
Let h be 5728/15 + 18/135. Suppose -388 = -7*i + h. What is the units digit of i?
0
Let v(j) = j**3 - 5*j**2 - 766*j + 31. What is the units digit of v(35)?
1
What is the hundreds digit of (-17)/102*4467*-2?
4
Suppose 0 = -25*y - 21272 + 140222. What is the hundreds digit of y?
7
Let d = 64 + 582. Suppose 643*i - d*i = -1761. What is the units digit of i?
7
Let v(n) = n**2 - 19*n + 7. Let d be v(19). Let c(q) = -q + 11 - 3 + 5 + d. What is the tens digit of c(-16)?
3
Let q(f) = 5*f**2 + 15*f + 36. Let d be q(8). Suppose -63 = l - d. What is the tens digit of l?
1
Let c = -35 - 152. Let i = 369 + c. What is the tens digit of i?
8
Let j(g) = g**2 - g + 56. Let p(h) = -9*h - 5. Let q be p(1). What is the tens digit of j(q)?
6
Let x be (-60)/24*(-104)/10. Let a = x - 19. What is the units digit of a/(-7)*(-1 + -38)?
9
What is the units digit of (-27492)/(-84) - (-12)/7?
9
Let x(j) = 24*j**2 - 3*j + 43. What is the hundreds digit of x(-4)?
4
Let i = 115 + -111. Suppose -i*w - 47 = -5*w. What is the units digit of w?
7
Let u be (-8)/(-36) - 1/9*-34. Let n be (-2)/u*(-1116)/(-6). Let o = n - -399. What is the tens digit of o?
0
Let s(u) be the first derivative of u**3/3 - 7*u**2/2 + 12*u + 5. Let g be s(6). Let h = 51 - g. What is the tens digit of h?
4
Suppose 14*u + 410 = 256. What is the units digit of 2206/6*1 + u/(-33)?
8
Let y(s) = -3*s**2 + 3*s + 4. Let m be (-54)/21*(-14)/3. Let l be y(m). What is the tens digit of l/(-10) - 72/(-90)?
4
Let t(w) = 3*w**2 - 17*w - 63. Let k be t(19). Suppose -s - 3*g = -480, 4*s + k - 2